e number?
False
Is 219587 prime?
True
Is 60559 a composite number?
True
Is 21557 prime?
True
Is 5293 a composite number?
True
Is 1069 a composite number?
False
Is 5051 a prime number?
True
Is 4016741 a composite number?
False
Is 80527 composite?
False
Is 91519 composite?
True
Is 236867 a prime number?
True
Is 2081 composite?
False
Is 6421 prime?
True
Is 5779 a prime number?
True
Is 32243 a composite number?
True
Is 1316203 a composite number?
True
Is 703 a composite number?
True
Is 1039587 composite?
True
Is 1397 prime?
False
Is 17339 a prime number?
False
Is 112481 a composite number?
False
Is 28201 a composite number?
False
Is 303811 a composite number?
True
Is 241487 prime?
False
Is 576005 composite?
True
Is 14633 a prime number?
True
Is 68329 prime?
True
Is 58601 prime?
True
Is 1015123 composite?
False
Is 305063 a prime number?
False
Is 7349 a prime number?
True
Is 688049 a composite number?
True
Is 2237 a prime number?
True
Is 1567 prime?
True
Is 2621 a prime number?
True
Is 200371 a prime number?
True
Is 14515 a composite number?
True
Is 84137 a prime number?
True
Is 43553 a prime number?
False
Is 62819 composite?
False
Is 549431 a prime number?
True
Is 19563 composite?
True
Is 15053 prime?
True
Is 53767 prime?
False
Is 42087 a prime number?
False
Is 219277 a composite number?
False
Is 13649 prime?
True
Is 917 composite?
True
Is 36083 prime?
True
Is 737 prime?
False
Is 842119 a prime number?
False
Is 8818 a composite number?
True
Is 31754 composite?
True
Is 13963 a composite number?
False
Is 9587 composite?
False
Is 139 a composite number?
False
Is 52091 composite?
True
Is 1502 a composite number?
True
Is 1119 a prime number?
False
Is 15947 a prime number?
False
Is 8818 prime?
False
Is 63949 a composite number?
False
Is 208717 prime?
False
Is 34793 a composite number?
True
Is 1609417 a composite number?
False
Is 1381 a prime number?
True
Is 37889 prime?
True
Is 2333 a composite number?
False
Is 4911 a composite number?
True
Is 120307 composite?
True
Is 7151 a prime number?
True
Is 721 prime?
False
Is 683 a composite number?
False
Is 1718539 a prime number?
False
Is 12193 composite?
True
Is 459362 composite?
True
Is 13649 a prime number?
True
Is 1127109 composite?
True
Is 1128143 prime?
True
Is 13211 a prime number?
False
Is 7769 a prime number?
False
Is 35671 a prime number?
True
Is 8191 composite?
False
Is 257731 a prime number?
True
Is 11579 composite?
False
Is 2557 a composite number?
False
Is 24637 a composite number?
True
Is 28123 prime?
True
Is 154637 a prime number?
False
Is 52477 prime?
False
Is 768541 a prime number?
True
Is 5077 composite?
False
Is 66077 prime?
False
Is 240085 composite?
True
Is 11233 prime?
False
Is 324179 composite?
False
Is 15077 composite?
False
Is 54658 a composite number?
True
Is 113591 composite?
False
Is 117791 a composite number?
True
Is 10211 composite?
False
Is 7639 a prime number?
True
Is 26021 a prime number?
True
Is 6614 a composite number?
True
Is 21719 a prime number?
False
Is 113893 a prime number?
False
Is 126541 composite?
False
Is 44351 a composite number?
False
Is 442531 composite?
False
Is 11337 composite?
True
Is 3079 prime?
True
Is 129205 prime?
False
Is 1637 prime?
True
Is 576073 prime?
False
Is 965971 prime?
False
Is 197507 prime?
True
Is 11579 a composite number?
False
Is 30893 a composite number?
False
Is 1519653 a composite number?
True
Is 7226 prime?
False
Is 1854643 a prime number?
False
Is 237137 a prime number?
True
Is 1919 composite?
True
Is 133063 prime?
False
Is 34721 a prime number?
True
Is 54049 prime?
True
Is 39521 prime?
True
Is 5326 a composite number?
True
Is 56521 a prime number?
False
Is 407 a composite number?
True
Is 21077 a composite number?
True
Is 2281 prime?
True
Is 193121 composite?
True
Is 309899 a composite number?
False
Is 174679 a prime number?
True
Is 532711 a composite number?
True
Is 31547 prime?
True
Is 422053 a composite number?
True
Is 47111 a prime number?
True
Is 60487 prime?
False
Is 616261 composite?
False
Is 177299 a prime number?
False
Is 93809 prime?
True
Is 770789 a prime number?
True
Is 850441 a prime number?
False
Is 71593 a composite number?
False
Is 30011 a prime number?
True
Is 15049 a composite number?
True
Is 26293 composite?
False
Is 32117 prime?
True
Is 691 a composite number?
False
Is 153727 composite?
True
Is 69397 prime?
False
Is 7451 composite?
False
Is 58271 a prime number?
True
Is 935899 a composite number?
False
Is 14029 prime?
True
Is 2106451 composite?
False
Is 4685 a prime number?
False
Is 4969 a prime number?
True
Is 68977 a composite number?
True
Is 40099 prime?
True
Is 407 a prime number?
False
Is 42767 a composite number?
False
Is 37463 prime?
True
Is 28151 prime?
True
Is 64205 composite?
True
Is 4223 composite?
True
Is 9029 prime?
True
Is 2063 a composite number?
False
Is 1319 a composite number?
False
Is 5171 a prime number?
True
Is 5541 a composite number?
True
Is 38299 prime?
True
Is 6609 a prime number?
False
Is 461791 composite?
True
Is 44467 prime?
False
Is 104197 a prime number?
False
Is 1693 a prime number?
True
Is 2723 composite?
True
Is 25427 prime?
False
Is 4529337 a composite number?
True
Is 51473 a prime number?
True
Is 689879 a prime number?
True
Is 74131 a prime number?
True
Is 13523 a composite number?
False
Is 546701 a composite number?
True
Is 3901 a prime number?
False
Is 14369 a prime number?
True
Is 75893 prime?
False
Is 151213 composite?
False
Is 74131 prime?
True
Is 1193 prime?
True
Is 13289 a composite number?
True
Is 186815 a prime number?
False
Is 521061 composite?
True
Is 1009 a prime number?
True
Is 646507 composite?
True
Is 254 composite?
True
Is 463579 composite?
False
Is 325033 prime?
False
Is 56383 composite?
False
Is 6013445 composite?
True
Is 166643 a prime number?
True
Is 11549 a composite number?
False
Is 10466 a composite number?
True
Is 78949 prime?
False
Is 640943 a prime number?
True
Is 2998807 prime?
False
Is 435811 a prime number?
False
Is 152879 composite?
False
Is 1361 composite?
False
Is 103511 prime?
True
Is 2397095 a prime number?
False
Is 10681 prime?
False
Is 1107511 prime?
True
Is 178973 composite?
False
Is 822845 composite?
True
Is 140401 composite?
False
Is 928807 composite?
True
Is 26907 prime?
False
Is 94391 a composite number?
True
Is 8095 prime?
False
Is 72337 a composite number?
False
Is 48878 a composite number?
True
Is 77011 prime?
False
Is 4441 a composite number?
False
Is 73999 composite?
False
Is 134033 composite?
False
Is 4939 composite?
True
Is 242741 a composite number?
True
Is 6637 a prime number?
True
Is 74213 prime?
False
Is 379 prime?
True
Is 730318 a prime number?
False
Is 32321 composite?
False
Is 74219 composite?
False
Is 12289 prime?
True
Is 1535 a prime number?
False
Is 62233 prime?
True
Is 417559 composite?
False
Is 2300833 a composite number?
False
Is 211343 composite?
True
Is 57997 composite?
True
Is 69 a composite number?
True
Is 71471 composite?
False
Is 146719 a prime number?
True
Is 1067 a composite number?
True
Is 424561 a prime number?
False
Is 66293 a composite number?
False
Is 72019 a prime number?
True
Is 21139 composite?
False
Is 90863 a prime number?
True
Is 111703 prime?
False
Is 1205489 composite?
False
Is 493 composite?
True
Is 3595 prime?
False
Is 25867 a composite number?
False
Is 3551 a prime number?
False
Is 3019 composite?
False
Is 445603 composite?
True
Is 13093 a prime number?
True
Is 205007 prime?
False
Is 394523 a prime number?
True
Is 42061 a composite number?
False
Is 21997 a composite number?
False
Is 8129 a composite number?
True
Is 2735869 composite?
False
Is 74131 prime?
True
Is 35065 composite?
True
Is 134773 a composite number?
True
Is 7283 prime?
True
Is 600791 a prime number?
True
Is 265 prime?
False
Is 514889 a composite number?
False
Is 38261 prime?
True
Is 3147 a composite number?
True
Is 1126067 a composite number?
False
Is 46301 a composite number?
False
Is 8197 prime?
False
Is 19535 a prime number?
False
Is 681 composite?
True
Is 928267 composite?
False
Is 910363 a composite number?
True
Is 174813 composite?
True
Is 1454909 composite?
True
Is 86489 composite?
True
Is 1091939 a composite number?
False
Is 4119991 a composite number?
False
Is 597 composite?
True
Is 78707 a composite number?
False
Is 2218